2/18. Let a = 219 + j. Suppose a = -4*w + 275. List the prime factors of w.
2, 3, 7
Let r be 2 + (50139 - (3 + -4)). Let d be (-9)/(-24) + r/48. Suppose 4*n + 5*b = d, -4*n - 4*b + 1042 = -2*b. List the prime factors of n.
2, 5, 13
What are the prime factors of -14 - (-177058)/56 - (-6)/(-8)?
3, 1049
Suppose 2*j - r - 11 = 0, j = 2*r + r + 18. Suppose -825 = -j*w + 399. Suppose -5*v - 168 = -2*o, -4*o - 4*v + w = 100. List the prime factors of o.
79
Suppose -33 = -y - 19. Suppose v - 2*v - g - 3 = 0, 3*v + y = -2*g. List the prime factors of 175/2 + -5 + (-36)/v.
3, 29
Let j(z) = 0*z + 124 + 189 + 5*z + 31. What are the prime factors of j(0)?
2, 43
Suppose 4*h - 4*o = 135872, -187*h + 188*h + 3*o - 33992 = 0. What are the prime factors of h?
2, 16987
Suppose 0 = 3*g + k + 3337, k = 3*g + 616 + 2731. Let i = -614 - g. List the prime factors of i.
2, 5
Let r = 137 + -135. Suppose -5*c + 44 = -3*y + 6, -c - r*y + 5 = 0. Suppose k + 3 - c = 0, -2*i + 138 = -5*k. List the prime factors of i.
79
Suppose -136*s - 209285 = -1431381. What are the prime factors of s?
2, 4493
Let x be 4 - (1 + -4 + 8). Let i(c) = -63*c**3 + 2*c**2 - 4*c - 5. What are the prime factors of i(x)?
2
Suppose -f + 457 = -2*l + 4*l, 0 = l - 3. Let b = f + -291. List the prime factors of b.
2, 5
Suppose 5 = 2*i - 9. Suppose w + 1038 = i*w. Suppose h - n = 33, 12*h = 7*h + 3*n + w. What are the prime factors of h?
37
Suppose a - 1127 = -2*b, 2*b + 3*a - 1344 = -219. Suppose 8*v - 556 = b. What are the prime factors of v?
2, 5, 7
Let s be (-161)/35 - 4/10. Let t be 1 + -1 - (-2 - (s + 172)). Let l = t - 83. List the prime factors of l.
2, 43
Let s be (-1 - 197)*(-380)/60. Suppose 1260*r = s*r + 8568. List the prime factors of r.
2, 3, 7, 17
Let s(l) = -4*l**3 - 5*l**2 + 5*l + 19. Let k = -562 - -558. List the prime factors of s(k).
5, 7
Let s = 45 - 12. Suppose n = 10 - 6. Suppose -s = -n*y + 47. What are the prime factors of y?
2, 5
Let j = -25 + 33. Suppose 2*h + 5*d = 580, -4*h - 3*d + 1160 = -j*d. What are the prime factors of h?
2, 5, 29
Let k = -523 + 525. Suppose -5*p + 1152 = 4*v, -p + 5*p = -k*v + 582. What are the prime factors of v?
283
Let u be (-3)/2*100/(-3) + -4. Let k be 2/((-886)/(-442) - 2). Suppose -k - u = -4*r. List the prime factors of r.
2, 61
Suppose -2*t + 26046 - 9070 = -2*q, 25464 = 3*t + 4*q. List the prime factors of t.
2, 1061
Let o(a) = -a**3 - 65*a**2 + 133*a - 728. What are the prime factors of o(-71)?
5, 11, 73
Let d = -15236 - -30587. What are the prime factors of d?
3, 7, 17, 43
Let i(q) = -31684*q**3 + 3*q**2 - 2*q - 5. What are the prime factors of i(-1)?
2, 89
Let v be ((-8)/(-6))/((32/(-12))/(-4)). Let b(f) = 22*f + 0 - 3 - 5*f - f**v. What are the prime factors of b(7)?
67
Suppose -48*q - 2392 = 1797 - 637. Let z = 46 - 22. Let b = z - q. What are the prime factors of b?
2, 7
Suppose -33*l - 32784 = -5*k - 29*l, -2*l = -2*k + 13114. What are the prime factors of k?
2, 11, 149
Let h = -20115 - -37802. What are the prime factors of h?
23, 769
Let n be ((-1)/2)/(((-15)/(-22))/(-15)). Let s(t) = t**3 - 8*t**2 + 21*t + 20. List the prime factors of s(n).
2, 307
Suppose 22*w + 768 = 25*w. Suppose 7*q - 9*q + w = 0. Let t = q + -87. List the prime factors of t.
41
Let y be (91/39)/(3/(-36)*1). What are the prime factors of (-21)/y + 2*(-3843)/(-24)?
3, 107
List the prime factors of 14244 - 20*5/20.
29, 491
Let x be 20/(7 + -3)*-3. Let v = 11 - x. Suppose -2*j = -j - v. List the prime factors of j.
2, 13
Suppose -4*k + 4*y = -0*y + 92, 3*k = -4*y - 76. What are the prime factors of 1*5 - 1476/k*18?
2, 139
Let q(l) = -50*l + 919. What are the prime factors of q(-72)?
4519
Suppose 2*u - 22 + 30 = 0. Let a be 504/(-27)*6/u. What are the prime factors of 664/a - 2/(-7)?
2, 3
Suppose 29*f - 149070 = 34297. List the prime factors of f.
6323
Let k = 19 - 55. Let w be (-1)/(-3) + (-960)/k. Suppose 0 = -8*g + w + 53. List the prime factors of g.
2, 5
Let u(p) = 2*p + 5*p - 17 + p**2 + 5 - 17. What are the prime factors of u(-18)?
13
Suppose -3*s + 1025 = -4*a + 205, -4*a = -4*s + 816. Let w = 879 - 523. Let d = a + w. What are the prime factors of d?
2, 37
Let b(z) = 24*z**2 + 4*z - 23. Let h be b(-16). Suppose -14*x + 4541 + h = 0. List the prime factors of x.
757
Let h(n) = 2*n**3 - 38*n**2 + 337*n - 61. What are the prime factors of h(25)?
2, 3, 661
Let m be ((-160)/(-12))/(-2)*6*5. Let d be (42/(-5) - 0)/(30/m). Suppose x - 200 = -3*x - 4*u, -u = -x + d. What are the prime factors of x?
53
Let c(w) = 3611*w**3 - 3*w**2 + 4*w - 5. List the prime factors of c(2).
28879
Let b be 4/2 + 6/(-3). Suppose 0 = 6*z - 12 - b. Suppose 0 = -3*g + 3*o + 42, 3*o + 86 = 5*g + z*o. What are the prime factors of g?
2, 3
Suppose -4*s = -5*p - 13237, -s - 9920 = -4*s - 4*p. List the prime factors of s.
2, 827
Suppose -26422 = -20*t + 380158. What are the prime factors of t?
29, 701
Let o be (-39)/(-26)*(-20144)/(-3). Suppose -144*t + 152*t = o. List the prime factors of t.
1259
Let v be -6*-2122*(-2)/(-8). Suppose -3*r + 5*f + v - 894 = 0, 1519 = 2*r - f. Let m = -514 + r. List the prime factors of m.
2, 61
Suppose -4*q + 52 + 100 = 0. Let v = -109 + q. Let b = -13 - v. List the prime factors of b.
2, 29
Let m be 2/(-14) - (-121471)/343. Suppose 2730 = 3*a - m. What are the prime factors of a?
2, 257
Let o(z) = 62*z - 11. Let v be o(1). Let c be (v/(-68))/(3/(-8)). Suppose -5*n + c*n = -69. What are the prime factors of n?
23
Suppose 57*h + 20817 = 337053. What are the prime factors of h?
2, 19, 73
Let x = 57 - 33. Let a = x + -31. What are the prime factors of a/(105/(-10))*321?
2, 107
Suppose -21*c + 15*c - 30 = 0. Let i be (-774)/c - (-4)/20. Suppose 5*q - 4*v = 331 + i, -v = q - 99. What are the prime factors of q?
2, 7
Let f(k) be the second derivative of -11/2*k**2 - 1/2*k**3 - k + 0 + 1/12*k**4. What are the prime factors of f(-5)?
29
Suppose h = -12*h. Suppose -107*m + 116*m - 8766 = h. List the prime factors of m.
2, 487
Let v be (9 - 3)*(22/3 + 2). Let g = v + -45. List the prime factors of (-31 + 1)/((5 - g) + 5).
2, 3, 5
Let m = -36382 + 61766. What are the prime factors of m?
2, 19, 167
Let f(d) = 6*d**2 + d + 3. Let m be f(-1). Suppose 27*u = 26*u - 4*t + 351, -4*t - m = 0. List the prime factors of u.
359
Let i(u) = -987 - 15*u - 2*u**2 + 1033 + u**2. What are the prime factors of i(-17)?
2, 3
Let i(s) = 236*s**2 - 43*s + 269. List the prime factors of i(13).
2, 3, 6599
Let l(b) = 4060*b + 112. List the prime factors of l(3).
2, 7, 439
What are the prime factors of (2620/50)/((-4)/(-440))?
2, 11, 131
Suppose 76 = -5*v + 91. Suppose v*w + 46 = 40. List the prime factors of (-3105)/(-63) + w/7.
7
List the prime factors of 12/(-18) - 604688/(-84).
2, 59, 61
Let b(y) = -3*y + 8. Let x be b(0). Suppose -4*t - x = 0, -3*n + 445 = 2*n - 5*t. Suppose -5*v + n = -83. List the prime factors of v.
2, 17
Suppose 19 - 49 = -4*g + q, 0 = -4*g + 4*q + 24. Let o(m) = m**2 - 8*m + 26. Let l be o(g). List the prime factors of (14 - 23)/((-2)/l).
3, 13
Let h = -10 + 13. Suppose -2*w + 84330 = 4*u, -126495 = -h*w + 4*u - 5*u. List the prime factors of w/360 + (1/(-8))/1.
3, 13
Suppose 0 = -53*x + 8*x + 351495. List the prime factors of x.
73, 107
Let b = -2 + 9. Suppose -5*k + 6 = 2*z, b*k + 7 = -z + 2*k. Suppose 50 = z*t - 11*t. What are the prime factors of t?
5
Let z(q) = q**2 - 12*q - 22. Let v be z(14). Let h be (-44 + -1)*13/(117/v). List the prime factors of (h/(-8))/(-6 + 861/140).
5
Let k(f) = 10*f**2 - 28*f + 809. List the prime factors of k(29).
7, 1201
Let h(a) = -79*a - 30. Let t(r) = -237*r - 89. Let o(y) = 8*h(y) - 3*t(y). List the prime factors of o(2).
5, 37
Let r = 82884 - -4471. What are the prime factors of r?
5, 17471
Suppose 6*s - 7*s - 1091 = -5*v, 3*v + 5*s - 649 = 0. Let j = 565 - v. List the prime factors of j.
347
What are the prime factors of 6 - (-2 - -4)/((-2)/6787)?
6793
Suppose 77*x - 152740 = -63*x. List the prime factors of x.
1091
Let t(n) = -n + 2. Let w(a) = 4*a - 10. Let o(i) = -11*t(i) - 2*w(i). Let m be o(2). Suppose x = 2 + m. List the prime factors of x.
2, 3
Let b = 5609 + 8118. What are the prime factors of b?
7, 37, 53
Let u(g) be the second derivative of 2*g**4 + 7*g**3/2 + 19*g**2/2 - 137*g. What are the prime factors of u(-6)